x, 4*x - j - n = -3*j. Is x composite?
False
Let l be 4/(-24)*-3*5158*1. Suppose -2*s + 834 + 1039 = -3*j, 5*j = 5*s - 3120. Let m = l + j. Is m prime?
False
Suppose -79809 - 142820 = 11*j. Let x = 35498 + j. Is x a composite number?
False
Let n(m) = 1555*m - 14. Let x be n(-2). Let l = -143 - x. Is l a prime number?
False
Let n(d) = d + 4*d + 13 + 7*d - 10*d + d**3 + 6*d**2. Let g be n(-6). Is ((g - -1079) + 2)/2 prime?
True
Suppose -2*x - 33 = -5*m - 111, 0 = -5*m - 4*x - 84. Is -4*(-351 - (1 - (-12)/m)) a prime number?
False
Suppose 0 = -2*t - 6, 4*t = n + t - 11. Suppose 11*z - 13185 = n*z. Is z composite?
True
Suppose 3*i - 349 = -19. Let f be ((-44)/i)/(1/(-365)). Suppose -2*d + 768 = f. Is d prime?
True
Let l(r) = -3543*r - 9848. Is l(-35) prime?
True
Let l be (2 - -5) + 2*6/(-4). Suppose -24 = -l*p - 2*d, p = 2*p - d - 6. Suppose -1735 = -p*o + o. Is o composite?
False
Suppose 0 = 3*n - 353 + 359, -5*h - 4*n = -211847. Is h composite?
True
Suppose 15*r - 354093 = 71487. Let f = r + -15530. Is f composite?
True
Is -1*1 - ((-1755)/12)/(60/74080) composite?
False
Suppose -158*i + 152*i = 11730. Let q = i + 3586. Is q prime?
False
Suppose q + 28 - 36 = 0. Suppose 5*s - 25215 = 4*k, 6*s - q*s = k - 10073. Is s prime?
True
Let d = 10739 - 10066. Is d prime?
True
Is (-2 - 69)/(231/(-33) + (-83340)/(-11906)) prime?
False
Let b = 0 - -1. Let l(f) = -f - 2. Let o(a) = -249*a - 13. Let y(z) = 5*l(z) - o(z). Is y(b) prime?
False
Let k(w) = -218*w**3 + 9*w**2 + 418*w + 4494. Is k(-11) composite?
False
Let r(w) be the second derivative of -w**5/5 + 2*w**4/3 - w**3 + 29*w**2/2 + 37*w. Is r(-9) prime?
False
Let b(y) = -2433*y - 1012. Is b(-17) composite?
True
Let t be ((-42)/4)/(4 + (-204)/48). Suppose 3*j - 3*r - 8583 = 0, 8581 = 3*j - t*r + 38*r. Is j composite?
True
Suppose 2*s = 7*s - 10. Suppose 0 = s*d + 606 + 466. Let v = -287 - d. Is v prime?
False
Let m(w) be the first derivative of 190*w**2 - 11*w + 11. Let d be m(-3). Let q = d - -2478. Is q a composite number?
False
Suppose 2093*x - 26153204 = 2049*x. Is x prime?
False
Let b be 2 + (-1)/(-1) + -295. Let q = -1243 - b. Let s = 220 - q. Is s composite?
False
Suppose 20*q = -41 + 101. Suppose -f + 10897 = q*k, k - 12703 = -3*f + 20004. Is f prime?
True
Let p(s) = -s - 14. Let q be p(-14). Suppose q = -l + 3*k - 8, 8*l + 3*k + 112 = 3*l. Is l/8*-234 + 2 prime?
True
Suppose -7*y = -3*y - 16. Suppose -y*z = 0, 2*h - 2*z - 2 = 2. Suppose 4*t - 3274 = h*t. Is t a prime number?
True
Let i be ((-141)/188)/(3/(-1124)). Suppose -4*b - 2*w + 112 = 0, -3*w - w + 94 = 3*b. Let l = i + b. Is l a prime number?
True
Suppose 15*l + 40*l - 21828184 = -l. Is l composite?
True
Let n be (-4 - -3)*(0 + 5). Is (30236/4)/(n/(-5)) prime?
True
Let h(g) = g**3 - 14*g**2 + 2*g - 10. Let k be h(14). Suppose k*u = 20*u - 2830. Is u prime?
False
Suppose 0 = -4*d + 4*q + 105380, 0 = -5*d - 5*q + 156306 - 24521. Is d composite?
True
Let z(r) = 791*r - 14. Let l be z(-12). Let w = -6457 - l. Let p = w - 1806. Is p prime?
False
Let x = 22 - 7. Suppose 0 = -9*l + 4*l + x. Suppose 3*v - 612 = l*d, 2*v - 7*d = -2*d + 393. Is v prime?
False
Suppose -11*i + 61 - 17 = 0. Suppose 0 = 3*n - 4*k - 90037, -4*n = -i*k - 82823 - 37233. Suppose 3*g - n = -4618. Is g prime?
True
Is (-267838)/(-4) - 1 - (-2)/(-12)*-3 a composite number?
False
Let q be (-15)/(-25)*((4 - 2) + 3). Suppose -q*n = n - 12. Suppose -4*k + 844 + 174 = -3*c, -n*k = 4*c - 751. Is k a composite number?
True
Let i(y) = 6*y**2 - 45*y - 130. Is i(25) a composite number?
True
Suppose -15490 = -36*q - 15598. Let s(k) = -k**3 + 3*k**2 - 2*k + 2. Let t be s(3). Is q/12 + (102795/t)/(-7) a prime number?
True
Let f be ((-61)/61)/(0 - (-2)/(-1042)). Let o = f - 322. Is o a composite number?
False
Suppose 0 = -3*t - 5*f + 10, -4 + 0 = 5*t - 2*f. Suppose 1 = -5*g + 3*g + h, 3*h - 15 = t. Suppose -4*m = 2*y - 298, g*y + 3*y + 4*m = 769. Is y a prime number?
True
Let i be ((-1081879)/(-190) - 6/10)*2. Let q = 1302 + i. Is q prime?
True
Let r = -1752 + 2703. Let o = 2102 - r. Is o a prime number?
True
Is (-18109)/(-2) - (-13)/26 prime?
False
Let d be 2/(-3) - ((-263960)/30 - -3). Suppose 24*a = 19*a + d. Is a prime?
True
Let p(l) = 3*l - 28. Let i be p(-10). Let d = i - -57. Is (1006/d)/((-8)/(-4) - 4) a composite number?
False
Is 12862120/35 - (-45)/(-315) a prime number?
False
Is (31/93)/(-1 - (-446564)/446562) a composite number?
True
Suppose -2*s = 4*m - 237548, -118762 = 5*m - 7*m - 4*s. Suppose m = 17*i - 6*i. Is i a composite number?
False
Let m(y) = 18*y - 3. Let q be m(1). Suppose -2*p - 2700 = -4*x, 5*p - q = -5. Let z = x + 201. Is z a composite number?
False
Let s = 73 + -50. Suppose s*i - 33505 = -9240. Is i composite?
True
Suppose 2*u = -4*g + 5*u + 84523, 3*g - 63390 = 3*u. Is g composite?
True
Let r be ((-8721)/36)/(1/4). Let c = 2134 - -472. Let h = r + c. Is h a prime number?
True
Let h(f) = 1616*f**2 + 7*f. Is h(1) composite?
True
Let t(s) = 10266*s + 4603. Is t(19) prime?
True
Suppose 606*i - 604*i = -4. Let l(o) be the third derivative of -2*o**6/15 - o**4/12 + o**3/6 - 2*o**2. Is l(i) composite?
True
Let u(a) = a**2 - 13. Let b be u(4). Suppose 0*d = b*d + 9, 6808 = 2*c + 2*d. Is c prime?
True
Let n(y) = -y**3 + 24*y**2 - 26*y + 41. Let w(m) = m**3 - 25*m**2 + 26*m - 41. Let o(p) = -4*n(p) - 3*w(p). Suppose 60 = 5*u - 40. Is o(u) a composite number?
False
Let b be 1677*4/16*4. Suppose -2*i = 3*i + c - 20897, -8351 = -2*i - 3*c. Let v = i - b. Is v prime?
True
Let b(i) = -6079*i - 718. Is b(-33) composite?
False
Suppose 3*z + 2*z - 75 = 0. Suppose -5*g - z = -0*g. Is g/(-1) + (0 - -290*4) a prime number?
True
Suppose i - 3*h - 45430 = 0, -2*i - 108*h = -105*h - 90869. Is i prime?
True
Is (-260 - 21)*(-127 + 0) a prime number?
False
Let v = 476 - 1174. Let z be (4428/(-8))/((-14)/28). Let b = z + v. Is b a composite number?
False
Let q be (-5 + 5)/1*-1. Suppose -7*a - 3*i - 22 = -8*a, -4*a + 5*i + 60 = q. Let s(x) = 5*x**2 + 24*x + 5. Is s(a) a composite number?
True
Is 7 + (-28)/(-7)*68311 a prime number?
False
Let r(n) = 2661*n**2 - 17*n - 59. Is r(-14) a prime number?
False
Is (-117238)/(-77) + 33/77 prime?
True
Let r(i) = i**3 + 11*i**2 + 19*i + 12. Let t be r(-9). Let m be t/((54/8)/9). Suppose -v + 0*p = 2*p - 1351, -5*v = -m*p - 6825. Is v prime?
True
Let b = -120 - -166. Let s = b - 42. Suppose y = -5*n + 3*y + 1231, s*n - 5*y - 978 = 0. Is n a composite number?
True
Let o(v) = 3*v**3 + 0*v**2 + 2 - 2*v**3 - 5*v**2. Let y be o(5). Suppose 5*d - l - l - 1499 = 0, 3*d = y*l + 901. Is d a prime number?
False
Let f = 439 - -104. Suppose 3144 - f = 9*n. Is n a prime number?
False
Let t = -63 - -73. Let u be ((-2)/16*-4)/(1/t). Suppose 0 = -3*r + u*l + 4382, -3*l = -0*r - 2*r + 2923. Is r composite?
True
Let d(v) = -4*v**3 + 15*v**2 + 5*v - 5. Let j be d(4). Let t(z) = -1623*z + 8. Is t(j) composite?
True
Is (-380)/560 - (-2)/8 - 1986032/(-14) a prime number?
False
Let l(i) = -273*i - 1135. Is l(-22) a prime number?
True
Suppose m + 1174 - 8966 = 4*t, 0 = -4*m. Let o = t - -3641. Is o a prime number?
True
Let m be 1 - 1392/6*(-84)/2. Suppose 2*s + 19809 = 4*q + 6801, -4*s + m = 3*q. Is q a prime number?
True
Suppose 164 + 546 = -2*h. Let u = 354 - h. Suppose 6*m - 4*j = m + u, 0 = -3*j + 12. Is m a prime number?
False
Let k(g) = 19*g + 123. Let h(s) = 7*s + 41. Let c(d) = -8*h(d) + 3*k(d). Let r be c(-17). Is 2*14*(7 - (-1914)/r) a prime number?
False
Let b = 23 - 19. Let i(j) = -27 + 23 + b*j + j + 16*j**2. Is i(3) a composite number?
True
Let c = 113 + -115. Is 3/c*(960672/(-18))/8 composite?
False
Suppose 131489652 = -21*p + 249*p. Is p a composite number?
True
Let r = -347 - -364. Suppose r*m = 23622 + 23281. Is m composite?
True
Let g be (8/10)/(-4*(-2)/12220). Is (12 - 11)*(1 + g) a prime number?
True
Let g be -9*(-3)/(-3)*(-2)/6. Let b be -3*(-4)/(g + -7) + 39177. Suppose 9*j + 2247 = b. Is j a composite number?
True
Let m(c) = -2*c - 2 - 472*c**2 + 237*c**2 + 238*c**2 + c**3 + c. Let i(u) = -u**3 + 5*u**2 + 7*u - 2. Let v be i(6). Is m(v) prime?
False
Let l = -10075 + 38586. Is l a prime number?
False
Let d(b) = 438*b**2 + 4*b + 25. Is d(-11) a composite number?
True
Is ((20/(-50))/((-2)/10))/((-4)/(-703214)) composite?
True
Suppose 4*l - 5*l - 36 